ppose 6*u - 2*u - 16 = 0, 3*u + 20 = -4*k. Is (530/k)/((-8)/32) composite?
True
Is 1*(4 + ((-2)/1 - -1277)) a composite number?
False
Suppose -4*j + 5222 - 1634 = 0. Let d(v) = -v - 45. Let x be d(-49). Suppose 0 = -p - x*s + 169, -5*p - 5*s - 97 = -j. Is p composite?
False
Let t(a) = a**3 + a**2 - a + 3. Let m be t(3). Let p = m - -22. Let n = p + 76. Is n a prime number?
False
Suppose -5*j - 3*j = 800. Let g = 483 - j. Is g a prime number?
False
Suppose -30 = -5*v - 15. Suppose -v*b - 2*b - 2*u = -383, 5*b = -4*u + 381. Is b a prime number?
False
Let f = -16 + 21. Suppose 5*r - a = -5, -3*r + a = -r + f. Suppose r = 3*z + 2*l - 1455, 4*z + l - 1940 = 5*l. Is z a prime number?
False
Suppose -1 = -0*g + 4*g + 3*v, 4*v + 18 = 3*g. Let z(t) = 11*t - g*t - 2*t - 10. Is z(9) a prime number?
True
Suppose 5*t - 4 = 6. Suppose -t*g - 43 = -361. Is g a composite number?
True
Suppose 4*v + 18 = 3*v + 4*s, 5 = s. Suppose -6*o + 3*o + 6131 = i, 0 = o - v*i - 2053. Is o a prime number?
False
Let y = 130915 - 91446. Is y prime?
False
Suppose -15 = 3*j, -2*w + 10065 = 5*j - 0*j. Suppose -5*h + 2*i + w = 0, i = 3*h + h - 4036. Is h composite?
False
Is 8/(-6)*-3*383033/28 a composite number?
True
Let y(b) = 42*b**3 - 6*b - 1. Let p be y(3). Suppose -11*l + 6*l = -p. Is l a composite number?
False
Suppose -o + f = 3*o - 869, 4*o = -f + 867. Let b = 100 + o. Is b composite?
False
Let v be 1 - (-6)/(-4)*44. Let q be (148/(-5))/(1/v). Suppose -6*x = -10*x + q. Is x a composite number?
True
Let s = 7705 - 5398. Is s a composite number?
True
Let y be (-5)/(560/186 - (-3)/(-1)). Let m = y - -1202. Is m a prime number?
False
Suppose 4*r + x = 16185, 5*x - 3*x = 4*r - 16170. Is r prime?
False
Let g(a) = 28*a**2 + 9*a - 30. Is g(-7) a prime number?
True
Let b(k) = -2*k**2 - 5*k + 4. Let l be b(-8). Let w be ((-96)/l)/(2/7). Suppose w*q = 3*q + 21. Is q a prime number?
False
Let g(b) = 33960*b**3 - 7*b + 8. Is g(1) a prime number?
True
Let u(w) = 8*w - 24. Let i be u(5). Let t(o) = 3*o**2 + 3*o - 1. Let r be t(3). Let m = i + r. Is m composite?
True
Let r be (27/18)/((-6)/(-20)). Let g(x) = 8*x**3 + 4*x**2 - 6*x - 5. Let c be g(r). Suppose -8*t + c = -3*t. Is t prime?
False
Suppose 9 + 15 = 3*b. Is 2*2/b*-1361*-2 composite?
False
Suppose -10*u + 4606 = 4*u. Is u prime?
False
Is ((-228)/24 - -10)*(-1246)/(-1) prime?
False
Let p = -34312 + 52871. Is p a prime number?
False
Let i = -54 + 78. Suppose 4*v - 64 = -4*t, t - i = -3*v - 6. Is t composite?
True
Suppose 0 = 3*b - 248 + 833. Let a = -25 - b. Suppose -5*p + a = -165. Is p a composite number?
False
Let y(r) = -3*r + 58. Let w be y(24). Is (10070/w + (-8)/(-28))*-1 a prime number?
True
Suppose 2*j - 18 = -6. Is (-9)/(-6) + 1257/j prime?
True
Let h(g) = g**3 + 8*g**2 + 6*g - 2. Let i be h(-7). Suppose 0 = 2*p - d + 32, -4*d = i*p - 0*d + 106. Is (p/(-12))/(6/332) prime?
True
Suppose 2*s - 6*s = -14968. Is s prime?
False
Let n be 48 + (0 - (-1 + 3)). Let b = 76 - n. Is (1194/b)/((-2)/(-10)) a composite number?
False
Suppose -2 + 14 = -3*t. Let d be (2/t - -1)*0. Suppose -275 = -5*b - d*b. Is b composite?
True
Let z be (156/(-24) + -12)*-286. Let k = -857 + 4401. Let s = z - k. Is s a composite number?
False
Let v be 3*(-2)/(18/177). Let j = v - 31. Is (23/(-2))/(9/j) prime?
False
Let t(d) = -2*d + 5. Let z be t(4). Let i be 2/z*(-42)/4. Suppose -w - i = -2*w. Is w a prime number?
True
Suppose 6*t = 2*t - 3*u + 1137, -3*t + 3*u = -837. Let s = -77 + t. Is s composite?
True
Suppose -47*v = -57*v + 39670. Is v composite?
False
Let d = 12750 + -7711. Is d prime?
True
Suppose -53*k = -55*k + 7642. Is k a prime number?
True
Is (-7 + 2)*(-41126)/10 a composite number?
False
Is 3/9*(0 + 4 - -203867) composite?
False
Let m be ((-2)/4)/((-24)/6864). Let b be ((-42)/(-5))/((-2)/(-20)). Let d = m - b. Is d composite?
False
Suppose 0 = -q + 2*q - 2. Suppose -3*g + 358 = -q*g. Is g prime?
False
Let g(a) = -21*a + 20. Let l(p) = -6*p + 7. Let h be l(3). Is g(h) a composite number?
False
Suppose 3*p + 19826 = 5*s, -4*p + 3973 = s - 2*p. Is s composite?
False
Let w be (562 + 1)/(6 + -5). Let x = 816 - w. Let a = -30 + x. Is a composite?
False
Suppose 2*l - v = -5*v + 419694, -839379 = -4*l + v. Is l composite?
True
Is 574886/22 - (15 + (-1304)/88) a composite number?
True
Let t(c) = 376*c + 1. Is t(1) a prime number?
False
Suppose -4*z + 89080 = -2*t, -z + 22263 = -8*t + 4*t. Is z a composite number?
False
Suppose -4*x = -21 - 23. Suppose d - x = -3*d - v, 12 = 4*v. Suppose -94 = -4*a + d*y, 8*a - 3*a = 4*y + 119. Is a prime?
True
Let z(m) = 45*m**2 + 4*m - 2. Let t be z(-4). Suppose -249 = 3*v - t. Is 3*(-8)/12 + v a prime number?
True
Suppose 2*w = -3*w + 11640. Let t = w + -1135. Is t prime?
True
Let p = 18 - 13. Suppose -x + 20 = -p*i, -i - 9 - 19 = -5*x. Suppose -2380 = -x*u + 135. Is u prime?
True
Let m(c) = c + 14. Let v be m(-10). Suppose -v*p + 9639 = -5581. Is p a prime number?
False
Let n(v) = v**2 + 3*v - 21. Is n(-14) a composite number?
True
Is -2 + 30/21 + 5469300/252 prime?
False
Let o = -31 + 32. Is (0 + o)/(4/212) a composite number?
False
Let i = 2 + 17. Let j = i + -21. Is -5 + 9 - (-44 - j) composite?
True
Let q(a) = -a**2 + 6*a - 13. Let f be q(0). Let j = -648 - -432. Let x = f - j. Is x a composite number?
True
Let v(w) = -16*w - 147. Is v(-18) composite?
True
Suppose -z - 700 = 2*f + 6714, 3*z = 2*f + 7406. Let t = f - -5219. Is t a composite number?
True
Suppose -5*k + 5927 = b, -3*b - 5939 = -4*b + k. Is b a prime number?
False
Suppose 0 = -4*v + 2*z + 15376 + 6852, -2*v + 4*z + 11114 = 0. Is v prime?
True
Suppose -4*a - a + j + 21 = 0, 4*a + 5*j = 40. Suppose 0 = -3*u, 0 = -a*s - 0*u + u + 10. Suppose k - s*k + 35 = 0. Is k a composite number?
True
Suppose -14 = 2*w - 22. Is (919/(-4))/((-1)/w) a composite number?
False
Suppose 0 = -z + 223 + 248. Suppose -z = -c + 272. Is c composite?
False
Let k be ((-14)/56)/(-1*2/24). Suppose k*q = -b + 67, 4*b - 3*q - 248 = 80. Is b a composite number?
False
Is 27/(-36)*11032/(-6) a prime number?
False
Let s be (-12)/2*(-7)/14. Suppose -2*k + 369 + 567 = 0. Suppose 2*j = -s*z + k, -3*z + 781 = 2*z + 3*j. Is z a prime number?
False
Let n(t) be the third derivative of 0*t + 4*t**2 + 7/6*t**3 + 0 - 1/24*t**4 + 1/20*t**5. Is n(5) prime?
False
Let b(u) = 3*u - 7. Let t be b(4). Suppose 0 = -t*x - 0*x. Suppose x = -q - 2*w + 297, -3*q + 1032 = 4*w + 135. Is q a composite number?
True
Let s be 28/(-6)*6/(-4). Let w(z) = -3 + 18*z - z**2 - 10*z + s*z. Is w(12) a composite number?
True
Let s be (9453/(-4))/((-15)/20 - -1). Let v = s + 14608. Is v prime?
False
Suppose 2*u + 204 = -2*h, -414 = 5*h - 3*u + 96. Let f = 21 + -10. Let k = f - h. Is k composite?
False
Let s be (-2)/((-30)/(-117)) - 28/(-35). Is (-38612)/s + 9/3 a composite number?
False
Let l(m) = -12*m**2 + 2*m**3 + m**3 - m**3 + 1 - 5 - 6*m. Let q be l(13). Suppose 2*v + q = 5*i + 333, -2*v = 2*i - 772. Is i a composite number?
False
Let g(q) = -q**3 + q**2 + 5*q + 5. Let j be g(3). Suppose 4*k + 989 = h, 986 = h - 3*k + j*k. Is h a prime number?
False
Suppose -5*b - 15 = 0, b + 649 = -5*d + 7*d. Is d prime?
False
Let o(p) = -p**3 - 15*p**2 + 15*p - 17. Let v be o(-16). Is 3 + v - 9099/(-1 + -2) composite?
True
Suppose q + 0*m = -3*m + 11, 2*q = -2*m + 14. Let g = q + -9. Let i(c) = -52*c + 3. Is i(g) composite?
False
Is (7789/4)/((-26)/(-104)) composite?
False
Let l(p) = 3 + 11*p**2 - 6*p**3 - 5*p**2 + 7*p**3 - 6*p. Let v be l(-7). Let z(k) = -7*k - 3. Is z(v) composite?
True
Suppose 6*j = 2430 - 276. Suppose -t + j = -3*v - 45, 796 = 2*t - 2*v. Is t prime?
False
Let f(p) = -p**3 - 38*p**2 - 206*p + 30. Is f(-41) a composite number?
True
Is (5 + (-20)/(-12) + -7)*-8997 a composite number?
False
Suppose -2*c = 12*c - 366086. Is c a composite number?
True
Let f(u) = 211*u**2 + 6*u + 4. Suppose 1 = -7*k + 8. Let o(y) = -y. Let x(q) = k*f(q) + 2*o(q). Is x(-1) a composite number?
False
Is 1 - (759*-1 - (1 - 4)) prime?
True
Let t(u) = u**3 - 49*u**2 - 25*u - 174. Is t(55) a composite number?
True
Suppose 4*g = -16, 0*z - 3*g - 19990 = -2*z. Is z a prime number?
False
Let a(g) = 2*g + 49. Let r be a(-12). Is (-6)/10 + 5290/r a prime number?
True
Suppose 21*l - 858519 = -208128. Is l a prime number?
True
Suppose -13 + 